{"id":6,"date":"2021-04-26T06:34:08","date_gmt":"2021-04-26T06:34:08","guid":{"rendered":"https:\/\/www.ausbildung-region-celle.de\/?page_id=6"},"modified":"2023-04-05T10:51:35","modified_gmt":"2023-04-05T10:51:35","slug":"veranstalter-des-arc-portals","status":"publish","type":"page","link":"https:\/\/www.ausbildung-region-celle.de\/index.php\/veranstalter-des-arc-portals\/","title":{"rendered":"\u00dcber den Veranstalter"},"content":{"rendered":"\n<p>Pandemiezeit: Schulen befanden sich im Notbetrieb und die Unternehmen waren f\u00fcr Fremde verschlossen. Berufsorientierung f\u00fcr die Zeit nach dem Schulabschluss war kaum m\u00f6glich. Langsam kommen Praktika, Expertenbesuche in Schulen oder Ausbildungs-Speeddatings wieder in Gang. Nicht zuletzt sorgt die Ukraine-Krise mit den Folgen f\u00fcr Preise, Lieferketten oder Marktstrukturen f\u00fcr zus\u00e4tzliche Herausforderungen bei Organisation und Personal in Unternehmen bzw. Institutionen, was die Nachwuchsf\u00f6rderung in w\u00fcnschenswerter Form vielfach einschr\u00e4nkt.<\/p>\n\n\n\n<p>Auf der Schulseite kommen Klassenstufen in die Abschlussjahrg\u00e4nge, die kaum in die Arbeitswelt hineinschnuppern konnten. Sie haben am PC tausende m\u00f6glicher Studien- und Ausbildungsvorschl\u00e4ge angetragen bekommen und sind unsicher \u00fcber ihre eigenen F\u00e4higkeiten \/ M\u00f6glichkeiten. Zus\u00e4tzlich sorgt die aktuelle Diskussion um &#8222;Mach\u00b4 nur das, was Dir einen Sinn (Purpose) vermittelt&#8220; oder um die 4-Tage-Ausbildung f\u00fcr Verunsicherung.<\/p>\n\n\n\n<p>Seit mehr als 30 Jahren bin ich im Bereich der schulischen Berufsorientierung unterwegs. Mit Seminaren, mit Wirtschaftsplanspielen sowie gemeinsamen Projekten von Schulen und Unternehmen. So kann ich gut nachvollziehen, was auf beiden Seiten fehlt.<\/p>\n\n\n\n<p>Mit dieser Webseite m\u00f6chte ich den Problembaustellen abhelfen und nachhaltig eine BO-Austauschplattform zwischen Schulen \/ Sch\u00fclerInnen \/ Arbeitgebern bieten. Ein st\u00e4ndig aktualisierter \u00dcberblick \u00fcber Unternehmen, Angebote oder Termine in der Region sowie &#8222;Mega-Matchtage&#8220; zum pers\u00f6nlichen Kennenlernen auf dem Online-Weg erg\u00e4nzen andere Berufsorientierungswege. Ohne gro\u00dfen logistischen bzw. Zeitaufwand bieten sich so  flexible Kontaktm\u00f6glichkeiten.<\/p>\n\n\n\n<p>Dieses Angebot konzentriert sich auf den Kernzweck der flexiblen Berufsorientierung und bietet allen Beteiligten gleiche Nutzungschancen &#8211; unabh\u00e4ngig von Schulform oder Unternehmensgr\u00f6\u00dfe. Gleiche Chancen bedeuten  gleichen Respekt vor der Leistung, die nicht nur in Unternehmen, sozialen Institutionen oder der \u00f6ffentlichen Verwaltung erbracht wird, sondern auch in den Schulen &#8211; von Sch\u00fclerInnen und Lehrkr\u00e4ften gleicherma\u00dfen.<\/p>\n\n\n\n<p>Ich hoffe und w\u00fcnsche mir, dass wir gemeinsam f\u00fcr die Nutzer\/ -innen von &#8222;www.ausbildung-region-celle.de&#8220;, dem ARC-Portal, Erfolgserlebnisse schaffen. F\u00fcr Anregungen, die den Erfolg der Seite noch besser machen, bin ich stets dankbar.<\/p>\n\n\n<div class=\"wp-block-image\">\n<figure class=\"aligncenter size-large is-resized\"><a href=\"https:\/\/www.andreas-maetzold.de\" target=\"_blank\" rel=\"noopener\"><img loading=\"lazy\" decoding=\"async\" src=\"https:\/\/www.ausbildung-region-celle.de\/wp-content\/uploads\/2021\/05\/AM-Logo-Kueste-final-1.jpg\" alt=\"\" class=\"wp-image-84\" width=\"410\" height=\"167\"\/><\/a><figcaption class=\"wp-element-caption\"><strong><a href=\"https:\/\/www.andreas-maetzold.de\" target=\"_blank\" rel=\"noreferrer noopener\">Weiterbildung gut verankert<\/a><\/strong><\/figcaption><\/figure>\n<\/div>\n\n\n<p class=\"has-text-align-center has-large-font-size\"><strong><mark style=\"background-color:rgba(0, 0, 0, 0);color:#0275a7\" class=\"has-inline-color\"><a data-type=\"URL\" data-id=\"https:\/\/www.andreas-maetzold.de\" href=\"https:\/\/www.andreas-maetzold.de\" target=\"_blank\" rel=\"noreferrer noopener\">Wirtschaftsplanspiele <\/a><\/mark>\/ Ausbildungsportal Online<\/strong><\/p>\n\n\n\n<p><strong>Ein gro\u00dfer Dank f\u00fcr die zuverl\u00e4ssige Basisarbeit, Beratung und Schulung bei Aufbau sowie Weiterentwicklung des ARC-Portals gilt meinem langj\u00e4hrigen Webseitenspezialisten Gunnar Rott (www.seiten-bauer.com)<\/strong>.<\/p>\n","protected":false},"excerpt":{"rendered":"<p>Pandemiezeit: Schulen befanden sich im Notbetrieb und die Unternehmen waren f\u00fcr Fremde verschlossen. Berufsorientierung f\u00fcr die Zeit nach dem Schulabschluss war kaum m\u00f6glich. Langsam kommen Praktika, Expertenbesuche in Schulen oder&hellip; <a class=\"more-link\" href=\"https:\/\/www.ausbildung-region-celle.de\/index.php\/veranstalter-des-arc-portals\/\"><span class=\"screen-reader-text\">\u00dcber den Veranstalter<\/span> weiterlesen<\/a><\/p>\n","protected":false},"author":1,"featured_media":0,"parent":0,"menu_order":0,"comment_status":"closed","ping_status":"closed","template":"","meta":{"_EventAllDay":false,"_EventTimezone":"","_EventStartDate":"","_EventEndDate":"","_EventStartDateUTC":"","_EventEndDateUTC":"","_EventShowMap":false,"_EventShowMapLink":false,"_EventURL":"","_EventCost":"","_EventCostDescription":"","_EventCurrencySymbol":"","_EventCurrencyCode":"","_EventCurrencyPosition":"","_EventDateTimeSeparator":"","_EventTimeRangeSeparator":"","_EventOrganizerID":[],"_EventVenueID":[],"_OrganizerEmail":"","_OrganizerPhone":"","_OrganizerWebsite":"","_VenueAddress":"","_VenueCity":"","_VenueCountry":"","_VenueProvince":"","_VenueState":"","_VenueZip":"","_VenuePhone":"","_VenueURL":"","_VenueStateProvince":"","_VenueLat":"","_VenueLng":"","_VenueShowMap":false,"_VenueShowMapLink":false,"footnotes":""},"class_list":["post-6","page","type-page","status-publish","hentry","entry"],"yoast_head":"<!-- This site is optimized with the Yoast SEO plugin v27.4 - https:\/\/yoast.com\/product\/yoast-seo-wordpress\/ -->\n<title>\u00dcber den Veranstalter - Ausbildung Region Celle<\/title>\n<meta name=\"description\" content=\"Lange Erfahrung in der Berufs- und Studienorientierung steht hinter dem ARC-Portal\" \/>\n<meta name=\"robots\" content=\"index, follow, max-snippet:-1, max-image-preview:large, max-video-preview:-1\" \/>\n<link rel=\"canonical\" href=\"https:\/\/www.ausbildung-region-celle.de\/index.php\/veranstalter-des-arc-portals\/\" \/>\n<meta property=\"og:locale\" content=\"de_DE\" \/>\n<meta property=\"og:type\" content=\"article\" \/>\n<meta property=\"og:title\" content=\"\u00dcber den Veranstalter - Ausbildung Region Celle\" \/>\n<meta property=\"og:description\" content=\"Lange Erfahrung in der Berufs- und Studienorientierung steht hinter dem ARC-Portal\" \/>\n<meta property=\"og:url\" content=\"https:\/\/www.ausbildung-region-celle.de\/index.php\/veranstalter-des-arc-portals\/\" \/>\n<meta property=\"og:site_name\" content=\"Ausbildung Region Celle\" \/>\n<meta property=\"article:modified_time\" content=\"2023-04-05T10:51:35+00:00\" \/>\n<meta property=\"og:image\" content=\"https:\/\/www.ausbildung-region-celle.de\/wp-content\/uploads\/2021\/05\/AM-Logo-Kueste-final-1.jpg\" \/>\n<meta name=\"twitter:card\" content=\"summary_large_image\" \/>\n<meta name=\"twitter:label1\" content=\"Gesch\u00e4tzte Lesezeit\" \/>\n\t<meta name=\"twitter:data1\" content=\"2\u00a0Minuten\" \/>\n<script type=\"application\/ld+json\" class=\"yoast-schema-graph\">{\"@context\":\"https:\\\/\\\/schema.org\",\"@graph\":[{\"@type\":\"WebPage\",\"@id\":\"https:\\\/\\\/www.ausbildung-region-celle.de\\\/index.php\\\/veranstalter-des-arc-portals\\\/\",\"url\":\"https:\\\/\\\/www.ausbildung-region-celle.de\\\/index.php\\\/veranstalter-des-arc-portals\\\/\",\"name\":\"\u00dcber den Veranstalter - Ausbildung Region Celle\",\"isPartOf\":{\"@id\":\"https:\\\/\\\/www.ausbildung-region-celle.de\\\/#website\"},\"primaryImageOfPage\":{\"@id\":\"https:\\\/\\\/www.ausbildung-region-celle.de\\\/index.php\\\/veranstalter-des-arc-portals\\\/#primaryimage\"},\"image\":{\"@id\":\"https:\\\/\\\/www.ausbildung-region-celle.de\\\/index.php\\\/veranstalter-des-arc-portals\\\/#primaryimage\"},\"thumbnailUrl\":\"https:\\\/\\\/www.ausbildung-region-celle.de\\\/wp-content\\\/uploads\\\/2021\\\/05\\\/AM-Logo-Kueste-final-1.jpg\",\"datePublished\":\"2021-04-26T06:34:08+00:00\",\"dateModified\":\"2023-04-05T10:51:35+00:00\",\"description\":\"Lange Erfahrung in der Berufs- und Studienorientierung steht hinter dem ARC-Portal\",\"breadcrumb\":{\"@id\":\"https:\\\/\\\/www.ausbildung-region-celle.de\\\/index.php\\\/veranstalter-des-arc-portals\\\/#breadcrumb\"},\"inLanguage\":\"de\",\"potentialAction\":[{\"@type\":\"ReadAction\",\"target\":[\"https:\\\/\\\/www.ausbildung-region-celle.de\\\/index.php\\\/veranstalter-des-arc-portals\\\/\"]}]},{\"@type\":\"ImageObject\",\"inLanguage\":\"de\",\"@id\":\"https:\\\/\\\/www.ausbildung-region-celle.de\\\/index.php\\\/veranstalter-des-arc-portals\\\/#primaryimage\",\"url\":\"https:\\\/\\\/www.ausbildung-region-celle.de\\\/wp-content\\\/uploads\\\/2021\\\/05\\\/AM-Logo-Kueste-final-1.jpg\",\"contentUrl\":\"https:\\\/\\\/www.ausbildung-region-celle.de\\\/wp-content\\\/uploads\\\/2021\\\/05\\\/AM-Logo-Kueste-final-1.jpg\"},{\"@type\":\"BreadcrumbList\",\"@id\":\"https:\\\/\\\/www.ausbildung-region-celle.de\\\/index.php\\\/veranstalter-des-arc-portals\\\/#breadcrumb\",\"itemListElement\":[{\"@type\":\"ListItem\",\"position\":1,\"name\":\"Startseite\",\"item\":\"https:\\\/\\\/www.ausbildung-region-celle.de\\\/\"},{\"@type\":\"ListItem\",\"position\":2,\"name\":\"\u00dcber den Veranstalter\"}]},{\"@type\":\"WebSite\",\"@id\":\"https:\\\/\\\/www.ausbildung-region-celle.de\\\/#website\",\"url\":\"https:\\\/\\\/www.ausbildung-region-celle.de\\\/\",\"name\":\"Ausbildung Region Celle\",\"description\":\"DER Ausbildungsservice f\u00fcr Schulen und Unternehmen\",\"publisher\":{\"@id\":\"https:\\\/\\\/www.ausbildung-region-celle.de\\\/#organization\"},\"potentialAction\":[{\"@type\":\"SearchAction\",\"target\":{\"@type\":\"EntryPoint\",\"urlTemplate\":\"https:\\\/\\\/www.ausbildung-region-celle.de\\\/?s={search_term_string}\"},\"query-input\":{\"@type\":\"PropertyValueSpecification\",\"valueRequired\":true,\"valueName\":\"search_term_string\"}}],\"inLanguage\":\"de\"},{\"@type\":\"Organization\",\"@id\":\"https:\\\/\\\/www.ausbildung-region-celle.de\\\/#organization\",\"name\":\"Ausbildungsstellen und Mega-Matchportal\",\"url\":\"https:\\\/\\\/www.ausbildung-region-celle.de\\\/\",\"logo\":{\"@type\":\"ImageObject\",\"inLanguage\":\"de\",\"@id\":\"https:\\\/\\\/www.ausbildung-region-celle.de\\\/#\\\/schema\\\/logo\\\/image\\\/\",\"url\":\"https:\\\/\\\/www.ausbildung-region-celle.de\\\/wp-content\\\/uploads\\\/2021\\\/11\\\/Logo-ARC.png\",\"contentUrl\":\"https:\\\/\\\/www.ausbildung-region-celle.de\\\/wp-content\\\/uploads\\\/2021\\\/11\\\/Logo-ARC.png\",\"width\":836,\"height\":664,\"caption\":\"Ausbildungsstellen und Mega-Matchportal\"},\"image\":{\"@id\":\"https:\\\/\\\/www.ausbildung-region-celle.de\\\/#\\\/schema\\\/logo\\\/image\\\/\"}}]}<\/script>\n<!-- \/ Yoast SEO plugin. -->","yoast_head_json":{"title":"\u00dcber den Veranstalter - Ausbildung Region Celle","description":"Lange Erfahrung in der Berufs- und Studienorientierung steht hinter dem ARC-Portal","robots":{"index":"index","follow":"follow","max-snippet":"max-snippet:-1","max-image-preview":"max-image-preview:large","max-video-preview":"max-video-preview:-1"},"canonical":"https:\/\/www.ausbildung-region-celle.de\/index.php\/veranstalter-des-arc-portals\/","og_locale":"de_DE","og_type":"article","og_title":"\u00dcber den Veranstalter - Ausbildung Region Celle","og_description":"Lange Erfahrung in der Berufs- und Studienorientierung steht hinter dem ARC-Portal","og_url":"https:\/\/www.ausbildung-region-celle.de\/index.php\/veranstalter-des-arc-portals\/","og_site_name":"Ausbildung Region Celle","article_modified_time":"2023-04-05T10:51:35+00:00","og_image":[{"url":"https:\/\/www.ausbildung-region-celle.de\/wp-content\/uploads\/2021\/05\/AM-Logo-Kueste-final-1.jpg","type":"","width":"","height":""}],"twitter_card":"summary_large_image","twitter_misc":{"Gesch\u00e4tzte Lesezeit":"2\u00a0Minuten"},"schema":{"@context":"https:\/\/schema.org","@graph":[{"@type":"WebPage","@id":"https:\/\/www.ausbildung-region-celle.de\/index.php\/veranstalter-des-arc-portals\/","url":"https:\/\/www.ausbildung-region-celle.de\/index.php\/veranstalter-des-arc-portals\/","name":"\u00dcber den Veranstalter - Ausbildung Region Celle","isPartOf":{"@id":"https:\/\/www.ausbildung-region-celle.de\/#website"},"primaryImageOfPage":{"@id":"https:\/\/www.ausbildung-region-celle.de\/index.php\/veranstalter-des-arc-portals\/#primaryimage"},"image":{"@id":"https:\/\/www.ausbildung-region-celle.de\/index.php\/veranstalter-des-arc-portals\/#primaryimage"},"thumbnailUrl":"https:\/\/www.ausbildung-region-celle.de\/wp-content\/uploads\/2021\/05\/AM-Logo-Kueste-final-1.jpg","datePublished":"2021-04-26T06:34:08+00:00","dateModified":"2023-04-05T10:51:35+00:00","description":"Lange Erfahrung in der Berufs- und Studienorientierung steht hinter dem ARC-Portal","breadcrumb":{"@id":"https:\/\/www.ausbildung-region-celle.de\/index.php\/veranstalter-des-arc-portals\/#breadcrumb"},"inLanguage":"de","potentialAction":[{"@type":"ReadAction","target":["https:\/\/www.ausbildung-region-celle.de\/index.php\/veranstalter-des-arc-portals\/"]}]},{"@type":"ImageObject","inLanguage":"de","@id":"https:\/\/www.ausbildung-region-celle.de\/index.php\/veranstalter-des-arc-portals\/#primaryimage","url":"https:\/\/www.ausbildung-region-celle.de\/wp-content\/uploads\/2021\/05\/AM-Logo-Kueste-final-1.jpg","contentUrl":"https:\/\/www.ausbildung-region-celle.de\/wp-content\/uploads\/2021\/05\/AM-Logo-Kueste-final-1.jpg"},{"@type":"BreadcrumbList","@id":"https:\/\/www.ausbildung-region-celle.de\/index.php\/veranstalter-des-arc-portals\/#breadcrumb","itemListElement":[{"@type":"ListItem","position":1,"name":"Startseite","item":"https:\/\/www.ausbildung-region-celle.de\/"},{"@type":"ListItem","position":2,"name":"\u00dcber den Veranstalter"}]},{"@type":"WebSite","@id":"https:\/\/www.ausbildung-region-celle.de\/#website","url":"https:\/\/www.ausbildung-region-celle.de\/","name":"Ausbildung Region Celle","description":"DER Ausbildungsservice f\u00fcr Schulen und Unternehmen","publisher":{"@id":"https:\/\/www.ausbildung-region-celle.de\/#organization"},"potentialAction":[{"@type":"SearchAction","target":{"@type":"EntryPoint","urlTemplate":"https:\/\/www.ausbildung-region-celle.de\/?s={search_term_string}"},"query-input":{"@type":"PropertyValueSpecification","valueRequired":true,"valueName":"search_term_string"}}],"inLanguage":"de"},{"@type":"Organization","@id":"https:\/\/www.ausbildung-region-celle.de\/#organization","name":"Ausbildungsstellen und Mega-Matchportal","url":"https:\/\/www.ausbildung-region-celle.de\/","logo":{"@type":"ImageObject","inLanguage":"de","@id":"https:\/\/www.ausbildung-region-celle.de\/#\/schema\/logo\/image\/","url":"https:\/\/www.ausbildung-region-celle.de\/wp-content\/uploads\/2021\/11\/Logo-ARC.png","contentUrl":"https:\/\/www.ausbildung-region-celle.de\/wp-content\/uploads\/2021\/11\/Logo-ARC.png","width":836,"height":664,"caption":"Ausbildungsstellen und Mega-Matchportal"},"image":{"@id":"https:\/\/www.ausbildung-region-celle.de\/#\/schema\/logo\/image\/"}}]}},"_links":{"self":[{"href":"https:\/\/www.ausbildung-region-celle.de\/index.php\/wp-json\/wp\/v2\/pages\/6","targetHints":{"allow":["GET"]}}],"collection":[{"href":"https:\/\/www.ausbildung-region-celle.de\/index.php\/wp-json\/wp\/v2\/pages"}],"about":[{"href":"https:\/\/www.ausbildung-region-celle.de\/index.php\/wp-json\/wp\/v2\/types\/page"}],"author":[{"embeddable":true,"href":"https:\/\/www.ausbildung-region-celle.de\/index.php\/wp-json\/wp\/v2\/users\/1"}],"replies":[{"embeddable":true,"href":"https:\/\/www.ausbildung-region-celle.de\/index.php\/wp-json\/wp\/v2\/comments?post=6"}],"version-history":[{"count":20,"href":"https:\/\/www.ausbildung-region-celle.de\/index.php\/wp-json\/wp\/v2\/pages\/6\/revisions"}],"predecessor-version":[{"id":3189,"href":"https:\/\/www.ausbildung-region-celle.de\/index.php\/wp-json\/wp\/v2\/pages\/6\/revisions\/3189"}],"wp:attachment":[{"href":"https:\/\/www.ausbildung-region-celle.de\/index.php\/wp-json\/wp\/v2\/media?parent=6"}],"curies":[{"name":"wp","href":"https:\/\/api.w.org\/{rel}","templated":true}]}}